012?
1
What is the thousands digit of 60699?
0
What is the tens digit of 268?
6
What is the hundreds digit of 19349?
3
What is the thousands digit of 6503?
6
What is the units digit of 47189?
9
What is the hundreds digit of 1129?
1
What is the units digit of 1323?
3
What is the units digit of 1145?
5
What is the hundreds digit of 1534?
5
What is the ten thousands digit of 72628?
7
What is the units digit of 167895?
5
What is the ten thousands digit of 25267?
2
What is the units digit of 574?
4
What is the thousands digit of 32701?
2
What is the tens digit of 79205?
0
What is the units digit of 256?
6
What is the hundreds digit of 12044?
0
What is the ten thousands digit of 19832?
1
What is the tens digit of 2594?
9
What is the thousands digit of 35871?
5
What is the hundreds digit of 48094?
0
What is the tens digit of 586?
8
What is the hundreds digit of 10956?
9
What is the hundreds digit of 1077?
0
What is the units digit of 54646?
6
What is the thousands digit of 72446?
2
What is the thousands digit of 22155?
2
What is the thousands digit of 1952?
1
What is the units digit of 1264?
4
What is the thousands digit of 93581?
3
What is the units digit of 1468?
8
What is the hundreds digit of 5955?
9
What is the hundreds digit of 6334?
3
What is the thousands digit of 2423?
2
What is the ten thousands digit of 12945?
1
What is the hundreds digit of 1526?
5
What is the tens digit of 1427?
2
What is the hundreds digit of 1383?
3
What is the thousands digit of 5608?
5
What is the tens digit of 4925?
2
What is the ten thousands digit of 32024?
3
What is the tens digit of 29691?
9
What is the tens digit of 84?
8
What is the thousands digit of 79550?
9
What is the units digit of 7057?
7
What is the hundreds digit of 1629?
6
What is the hundreds digit of 323?
3
What is the hundreds digit of 5034?
0
What is the hundreds digit of 25814?
8
What is the tens digit of 4453?
5
What is the tens digit of 827?
2
What is the tens digit of 501?
0
What is the hundreds digit of 4844?
8
What is the hundreds digit of 175?
1
What is the hundreds digit of 52304?
3
What is the hundreds digit of 4717?
7
What is the ten thousands digit of 57889?
5
What is the units digit of 4429?
9
What is the hundreds digit of 8042?
0
What is the tens digit of 94?
9
What is the hundreds digit of 117831?
8
What is the ten thousands digit of 18970?
1
What is the tens digit of 8782?
8
What is the ten thousands digit of 14991?
1
What is the hundreds digit of 4702?
7
What is the tens digit of 7362?
6
What is the units digit of 5596?
6
What is the thousands digit of 1645?
1
What is the tens digit of 24265?
6
What is the thousands digit of 9597?
9
What is the units digit of 3510?
0
What is the thousands digit of 5847?
5
What is the tens digit of 8291?
9
What is the tens digit of 666?
6
What is the hundreds digit of 42699?
6
What is the tens digit of 96624?
2
What is the thousands digit of 10843?
0
What is the units digit of 3053?
3
What is the thousands digit of 18577?
8
What is the ten thousands digit of 42926?
4
What is the tens digit of 105461?
6
What is the thousands digit of 6741?
6
What is the hundreds digit of 666?
6
What is the units digit of 1419?
9
What is the hundreds digit of 35077?
0
What is the hundreds digit of 25209?
2
What is the tens digit of 22608?
0
What is the units digit of 2168?
8
What is the thousands digit of 2051?
2
What is the units digit of 423?
3
What is the tens digit of 995?
9
What is the thousands digit of 1291?
1
What is the hundreds digit of 40706?
7
What is the units digit of 8427?
7
What is the hundreds digit of 9789?
7
What is the units digit of 573?
3
What is the hundreds digit of 1335?
3
What is the hundreds digit of 374?
3
What is the thousands digit of 16111?
6
What is the hundreds digit of 5400?
4
What is the tens digit of 1346?
4
What is the units digit of 718?
8
What is the units digit of 46284?
4
What is the hundreds digit of 221?
2
What is the thousands digit of 27121?
7
What is the units digit of 185?
5
What is the tens digit of 13599?
9
What is the hundreds digit of 1808?
8
What is the thousands digit of 1102?
1
What is the tens digit of 22743?
4
What is the units digit of 4397?
7
What is the hundreds digit of 454?
4
What is the hundreds digit of 2491?
4
What is the units digit of 696?
6
What is the thousands digit of 35387?
5
What is the hundreds digit of 22556?
5
What is the hundreds digit of 605?
6
What is the tens digit of 4427?
2
What is the tens digit of 3830?
3
What is the thousands digit of 2459?
2
What is the units digit of 2474?
4
What is the hundreds digit of 4037?
0
What is the units digit of 669?
9
What is the thousands digit of 2052?
2
What is the units digit of 145042?
2
What is the tens digit of 2277?
7
What is the units digit of 1384?
4
What is the thousands digit of 3320?
3
What is the tens digit of 540?
4
What is the units digit of 220?
0
What is the hundreds digit of 984?
9
What is the tens digit of 9488?
8
What is the units digit of 39428?
8
What is the hundreds digit of 3714?
7
What is the tens digit of 566?
6
What is the hundreds digit of 20109?
1
What is the units digit of 8472?
2
What is the ten thousands digit of 35213?
3
What is the units digit of 421?
1
What is the units digit of 4666?
6
What is the tens digit of 46791?
9
What is the thousands digit of 64105?
4
What is the thousands digit of 96564?
6
What is the hundreds digit of 3703?
7
What is the units digit of 2206?
6
What is the tens digit of 57986?
8
What is the tens digit of 7317?
1
What is the thousands digit of 2025?
2
What is the units digit of 4553?
3
What is the units digit of 2357?
7
What is the ten thousands digit of 12191?
1
What is the hundreds digit of 49186?
1
What is the thousands digit of 3260?
3
What is the tens digit of 14213?
1
What is the thousands digit of 5371?
5
What is the hundreds digit of 1218?
2
What is the hundreds digit of 16304?
3
What is the tens digit of 1028?
2
What is the tens digit of 2698?
9
What is the tens digit of 1054?
5
What is the units digit of 94?
4
What is the thousands digit of 2632?
2
What is the hundreds digit of 20859?
8
What is the tens digit of 961?
6
What is the thousands digit of 4524?
4
What is the hundreds digit of 11651?
6
What is the units digit of 1435?
5
What is the units digit of 80559?
9
What is the units digit of 44?
4
What is the ten thousands digit of 24866?
2
What is the tens digit of 173?
7
What is the units digit of 21804?
4
What is the hundreds digit of 106285?
2
What is the ten thousands digit of 14160?
1
What is the units digit of 1159?
9
What is the hundreds digit of 70626?
6
What is the ten thousands digit of 24069?
2
What is the thousands digit of 5237?
5
What is the units digit of 13804?
4
What is the units digit of 1314?
4
What is the tens digit of 36134?
3
What is the hundreds digit of 38254?
2
What is the hundreds digit of 333?
3
What is the units digit of 26049?
9
What is the hundred thousands digit of 151329?
1
What is the tens digit of 6426?
2
What is the hundreds digit of 270?
2
What is the tens digit of 13468?
6
What is the thousands digit of 6418?
6
What is the tens digit of 1669?
6
What is the hundreds digit of 4672?
6
What is the thousands digit of 139579?
9
What is the units digit of 20756?
6
What is the units digit of 140733?
3
What is the hundreds digit of 3097?
0
What is the thousands digit of 4919?
4
What is the thousands digit of 1326?
1
What is the units digit of 298?
8
What is the units digit of 32787?
7
What is the thousands digit of 4592?
4
What is the hundreds digit of 948?
9
What is the tens digit of 331?
3
What is the thousands digit of 4157?
4
What is the hundreds digit of 2249?
2
What is the tens digit of 3187?
8
What is the tens digit of 118094?
9
What is the hundreds digit of 3107?
1
What is the units digit of 972?
2
What is the units digit of 10430?
0
What is the tens digit of 94?
9
What is the hundreds digit of 18381?
3
What is the units digit of 679?
9
What is the hundreds digit of 174?
1
What is the hundreds digit of 33894?
8
What is the units digit of 5959?
9
What is the thousands digit of 3463?
3
What is the tens digit of 285?
8
What is the units digit of 424?
4
What is the tens digit of 341?
4
What is the units digit of 82029?
9
What is the thousands digit